remainder when 23634235 is divided by 560.
555
Calculate the remainder when 204230 is divided by 203330.
900
What is the remainder when 58022 is divided by 19147?
581
Calculate the remainder when 58761162 is divided by 193.
189
What is the remainder when 3780378 is divided by 26436?
30
Calculate the remainder when 3631969 is divided by 44.
33
What is the remainder when 1629452 is divided by 1227?
1223
What is the remainder when 185672 is divided by 10916?
100
Calculate the remainder when 506204 is divided by 55.
39
Calculate the remainder when 206155546 is divided by 171.
169
Calculate the remainder when 12814015 is divided by 521.
20
Calculate the remainder when 431676 is divided by 3426.
0
Calculate the remainder when 364324 is divided by 1563.
145
Calculate the remainder when 980405 is divided by 80.
5
What is the remainder when 165049 is divided by 38?
15
Calculate the remainder when 13862404 is divided by 74529.
10
Calculate the remainder when 4403361 is divided by 178.
175
What is the remainder when 667566 is divided by 66456?
3006
Calculate the remainder when 9941351 is divided by 249.
26
What is the remainder when 207174705 is divided by 299?
296
What is the remainder when 23583917 is divided by 2691?
2684
What is the remainder when 133521 is divided by 1993?
1983
What is the remainder when 137484597 is divided by 74?
71
What is the remainder when 28131420 is divided by 245?
30
Calculate the remainder when 39068382 is divided by 25.
7
Calculate the remainder when 47023 is divided by 1079.
626
Calculate the remainder when 14309 is divided by 5185.
3939
What is the remainder when 1820512 is divided by 110?
12
Calculate the remainder when 43232 is divided by 2880.
32
What is the remainder when 85297 is divided by 42177?
943
Calculate the remainder when 204212 is divided by 2463.
2246
What is the remainder when 48092 is divided by 1804?
1188
Calculate the remainder when 23985009 is divided by 7995000.
9
What is the remainder when 11239281 is divided by 88?
9
Calculate the remainder when 267376 is divided by 267363.
13
Calculate the remainder when 8356040 is divided by 41.
35
What is the remainder when 545722 is divided by 89478?
8854
Calculate the remainder when 678438 is divided by 2094.
2076
What is the remainder when 5220066 is divided by 10136?
26
What is the remainder when 621572330 is divided by 22?
16
What is the remainder when 6281113 is divided by 599?
598
What is the remainder when 37513 is divided by 18545?
423
What is the remainder when 247708 is divided by 2612?
2180
What is the remainder when 537751 is divided by 41?
36
What is the remainder when 495801 is divided by 260?
241
What is the remainder when 44535 is divided by 14841?
12
What is the remainder when 6594345 is divided by 38?
15
What is the remainder when 16534152 is divided by 78?
24
Calculate the remainder when 44309 is divided by 78.
5
Calculate the remainder when 15569584 is divided by 146.
144
Calculate the remainder when 757483 is divided by 205.
8
Calculate the remainder when 283792 is divided by 40469.
509
What is the remainder when 193676 is divided by 4836?
236
What is the remainder when 47655258 is divided by 722049?
24
Calculate the remainder when 81130577 is divided by 431.
430
What is the remainder when 1051682 is divided by 1126?
1124
Calculate the remainder when 21517408 is divided by 244516.
0
Calculate the remainder when 1336095 is divided by 1341.
459
Calculate the remainder when 1255818 is divided by 57.
51
What is the remainder when 3166062 is divided by 2185?
2182
What is the remainder when 8189798 is divided by 194994?
50
What is the remainder when 2169514 is divided by 2169494?
20
Calculate the remainder when 33223304 is divided by 13.
10
Calculate the remainder when 10100745 is divided by 576.
9
What is the remainder when 14515091 is divided by 7257516?
59
Calculate the remainder when 491978 is divided by 1788.
278
What is the remainder when 67472640 is divided by 2654?
2652
Calculate the remainder when 3317548 is divided by 195146.
66
What is the remainder when 22335950 is divided by 502?
464
Calculate the remainder when 470556018 is divided by 97.
94
What is the remainder when 32260360 is divided by 1114?
34
What is the remainder when 1814893 is divided by 8601?
82
What is the remainder when 2577324 is divided by 281?
273
Calculate the remainder when 1419542 is divided by 260.
202
What is the remainder when 1841892 is divided by 8?
4
Calculate the remainder when 374573 is divided by 62423.
35
Calculate the remainder when 161831 is divided by 45.
11
Calculate the remainder when 424035 is divided by 170.
55
Calculate the remainder when 80655117 is divided by 364.
361
Calculate the remainder when 4954626 is divided by 353897.
68
Calculate the remainder when 404677 is divided by 134885.
22
What is the remainder when 47551868 is divided by 130279?
33
Calculate the remainder when 368718 is divided by 24580.
18
Calculate the remainder when 8464710 is divided by 113.
106
What is the remainder when 288396 is divided by 2443?
122
What is the remainder when 258613 is divided by 6453?
493
Calculate the remainder when 229279 is divided by 74600.
5479
What is the remainder when 159733199 is divided by 50?
49
What is the remainder when 1242562 is divided by 2743?
2726
Calculate the remainder when 437999 is divided by 18.
5
Calculate the remainder when 275556 is divided by 531.
498
What is the remainder when 239319396 is divided by 59?
56
Calculate the remainder when 4026757 is divided by 35.
7
Calculate the remainder when 14344683 is divided by 15491.
17
What is the remainder when 176933610 is divided by 177?
162
Calculate the remainder when 142974 is divided by 46569.
3267
Calculate the remainder when 23582 is divided by 5704.
766
What is the remainder when 660412 is divided by 704?
60
Calculate the remainder when 14788698 is divided by 642986.
20
Calculate the remainder when 982689 is divided by 10.
9
Calculate the remainder when 5207481 is divided by 5642.
5557
Calculate the remainder when 1693586 is divided by 282264.
2
What is the remainder when 2557101 is divided by 246?
177
Calculate the remainder when 318618 is divided by 3047.
1730
What is the remainder when 648086 is divided by 63?
5
Calculate the remainder when 2811563 is divided by 165384.
35
What is the remainder when 2114909 is divided by 815?
799
What is the remainder when 8693005 is divided by 12936?
13
Calculate the remainder when 12024 is divided by 5936.
152
What is the remainder when 348603 is divided by 2076?
1911
Calculate the remainder when 22675375 is divided by 30.
25
Calculate the remainder when 1861479 is divided by 930736.
7
Calculate the remainder when 2635005 is divided by 1455.
0
What is the remainder when 22302 is divided by 1422?
972
Calculate the remainder when 1770144 is divided by 118006.
54
What is the remainder when 2237 is divided by 526?
133
What is the remainder when 30384808 is divided by 341?
3
What is the remainder when 5592744 is divided by 3359?
9
Calculate the remainder when 991874 is divided by 6048.
2
Calculate the remainder when 1674548 is divided by 8957.
8546
Calculate the remainder when 172623 is divided by 42311.
3379
What is the remainder when 546434 is divided by 215?
119
What is the remainder when 444472 is divided by 3268?
24
Calculate the remainder when 4370273 is divided by 1677.
11
What is the remainder when 1261674 is divided by 15576?
18
Calculate the remainder when 130481391 is divided by 51.
33
Calculate the remainder when 4960530 is divided by 396.
234
Calculate the remainder when 2820456 is divided by 2820421.
35
What is the remainder when 6095000 is divided by 3767?
3761
Calculate the remainder when 3703245 is divided by 105806.
35
Calculate the remainder when 699781 is divided by 534.
241
What is the remainder when 1899576 is divided by 52?
16
What is the remainder when 3017168 is divided by 88?
0
Calculate the remainder when 320495 is divided by 1034.
989
What is the remainder when 181541 is divided by 387?
38
What is the remainder when 825205 is divided by 11461?
13
Calculate the remainder when 44981239 is divided by 15.
4
What is the remainder when 708990 is divided by 42?
30
Calculate the remainder when 77229 is divided by 307.
1